{"id":3628,"date":"2025-11-03T13:30:02","date_gmt":"2025-11-03T12:30:02","guid":{"rendered":"https:\/\/extranet.infocpam.fr\/partenaires\/?post_type=product&#038;p=3628"},"modified":"2025-11-03T14:11:47","modified_gmt":"2025-11-03T13:11:47","slug":"affiche-femmes-enceintes-environnement-et-sante","status":"publish","type":"product","link":"https:\/\/extranet.infocpam.fr\/partenaires\/produit\/affiche-femmes-enceintes-environnement-et-sante\/","title":{"rendered":"Affiche : Perturbateurs endocriniens &#8211; Femmes enceintes environnement et sant\u00e9"},"content":{"rendered":"<p>Th\u00e9matique : la sant\u00e9 environnementale et les perturbateurs endocriniens<\/p>\n<p>Polluants dans les produits qui nous entourent : Comment offrir \u00e0 la femme enceinte et au b\u00e9b\u00e9\u00a0le meilleur environnement possible<\/p>\n<p><a href=\"https:\/\/extranet.infocpam.fr\/partenaires\/wp-content\/uploads\/2025\/11\/affiche-fees-2021-vf-7.pdf\">Voir l&rsquo;affiche<\/a> (pdf, 1986 ko)<\/p>\n","protected":false},"excerpt":{"rendered":"<p>Th\u00e9matique : la sant\u00e9 environnementale et les perturbateurs endocriniens Polluants dans les produits qui nous &hellip; <\/p>\n","protected":false},"featured_media":3627,"template":"","meta":{"om_disable_all_campaigns":false,"_monsterinsights_skip_tracking":false,"_monsterinsights_sitenote_active":false,"_monsterinsights_sitenote_note":"","_monsterinsights_sitenote_category":0},"product_brand":[],"product_cat":[20],"product_tag":[43],"class_list":{"0":"post-3628","1":"product","2":"type-product","3":"status-publish","4":"has-post-thumbnail","6":"product_cat-affiches","7":"product_tag-professionnels-de-sante","9":"first","10":"outofstock","11":"shipping-taxable","12":"product-type-simple"},"aioseo_notices":[],"jetpack_sharing_enabled":true,"_links":{"self":[{"href":"https:\/\/extranet.infocpam.fr\/partenaires\/wp-json\/wp\/v2\/product\/3628","targetHints":{"allow":["GET"]}}],"collection":[{"href":"https:\/\/extranet.infocpam.fr\/partenaires\/wp-json\/wp\/v2\/product"}],"about":[{"href":"https:\/\/extranet.infocpam.fr\/partenaires\/wp-json\/wp\/v2\/types\/product"}],"wp:featuredmedia":[{"embeddable":true,"href":"https:\/\/extranet.infocpam.fr\/partenaires\/wp-json\/wp\/v2\/media\/3627"}],"wp:attachment":[{"href":"https:\/\/extranet.infocpam.fr\/partenaires\/wp-json\/wp\/v2\/media?parent=3628"}],"wp:term":[{"taxonomy":"product_brand","embeddable":true,"href":"https:\/\/extranet.infocpam.fr\/partenaires\/wp-json\/wp\/v2\/product_brand?post=3628"},{"taxonomy":"product_cat","embeddable":true,"href":"https:\/\/extranet.infocpam.fr\/partenaires\/wp-json\/wp\/v2\/product_cat?post=3628"},{"taxonomy":"product_tag","embeddable":true,"href":"https:\/\/extranet.infocpam.fr\/partenaires\/wp-json\/wp\/v2\/product_tag?post=3628"}],"curies":[{"name":"wp","href":"https:\/\/api.w.org\/{rel}","templated":true}]}}