{"id":3252,"date":"2025-03-14T09:04:27","date_gmt":"2025-03-14T08:04:27","guid":{"rendered":"https:\/\/extranet.infocpam.fr\/partenaires\/?post_type=product&#038;p=3252"},"modified":"2025-03-14T09:24:04","modified_gmt":"2025-03-14T08:24:04","slug":"flyer-jemploie-un-salarie-etranger","status":"publish","type":"product","link":"https:\/\/extranet.infocpam.fr\/partenaires\/produit\/flyer-jemploie-un-salarie-etranger\/","title":{"rendered":"Flyer : J&#8217;emploie un salari\u00e9 \u00e9tranger"},"content":{"rendered":"<p>A destination des employeurs.<\/p>\n<p>Vous \u00eates une entreprise soumise au droit fran\u00e7ais et vous employez un salari\u00e9 \u00e9tranger ?<br \/>\nEn quelques clics, je demande l\u2019immatriculation de mon salari\u00e9 via un service 100% d\u00e9mat\u00e9rialis\u00e9,<br \/>\ns\u00e9curis\u00e9 et gratuit.<\/p>\n<p>&nbsp;<\/p>\n<p>Version : 2025-03<\/p>\n<p><a href=\"https:\/\/extranet.infocpam.fr\/partenaires\/wp-content\/uploads\/2025\/03\/2025-03-Flyer-J-emploi-un-salarie-etranger.pdf\">Flyer-J&#8217;emploi un salarie \u00e9tranger<\/a> (pdf, 500ko)<\/p>\n","protected":false},"excerpt":{"rendered":"<p>A destination des employeurs. Vous \u00eates une entreprise soumise au droit fran\u00e7ais et vous employez &hellip; <\/p>\n","protected":false},"featured_media":3255,"template":"","meta":{"om_disable_all_campaigns":false,"_monsterinsights_skip_tracking":false,"_monsterinsights_sitenote_active":false,"_monsterinsights_sitenote_note":"","_monsterinsights_sitenote_category":0},"product_brand":[],"product_cat":[17],"product_tag":[47,50],"class_list":{"0":"post-3252","1":"product","2":"type-product","3":"status-publish","4":"has-post-thumbnail","6":"product_cat-flyer","7":"product_tag-employeurs","8":"product_tag-services-cpam","10":"first","11":"onbackorder","12":"shipping-taxable","13":"purchasable","14":"product-type-simple"},"aioseo_notices":[],"jetpack_sharing_enabled":true,"_links":{"self":[{"href":"https:\/\/extranet.infocpam.fr\/partenaires\/wp-json\/wp\/v2\/product\/3252","targetHints":{"allow":["GET"]}}],"collection":[{"href":"https:\/\/extranet.infocpam.fr\/partenaires\/wp-json\/wp\/v2\/product"}],"about":[{"href":"https:\/\/extranet.infocpam.fr\/partenaires\/wp-json\/wp\/v2\/types\/product"}],"wp:featuredmedia":[{"embeddable":true,"href":"https:\/\/extranet.infocpam.fr\/partenaires\/wp-json\/wp\/v2\/media\/3255"}],"wp:attachment":[{"href":"https:\/\/extranet.infocpam.fr\/partenaires\/wp-json\/wp\/v2\/media?parent=3252"}],"wp:term":[{"taxonomy":"product_brand","embeddable":true,"href":"https:\/\/extranet.infocpam.fr\/partenaires\/wp-json\/wp\/v2\/product_brand?post=3252"},{"taxonomy":"product_cat","embeddable":true,"href":"https:\/\/extranet.infocpam.fr\/partenaires\/wp-json\/wp\/v2\/product_cat?post=3252"},{"taxonomy":"product_tag","embeddable":true,"href":"https:\/\/extranet.infocpam.fr\/partenaires\/wp-json\/wp\/v2\/product_tag?post=3252"}],"curies":[{"name":"wp","href":"https:\/\/api.w.org\/{rel}","templated":true}]}}