{"id":3005,"date":"2024-09-23T14:27:44","date_gmt":"2024-09-23T12:27:44","guid":{"rendered":"https:\/\/extranet.infocpam.fr\/partenaires\/?post_type=product&#038;p=3005"},"modified":"2025-12-17T11:01:18","modified_gmt":"2025-12-17T10:01:18","slug":"flyer-sage-femme-referente","status":"publish","type":"product","link":"https:\/\/extranet.infocpam.fr\/partenaires\/produit\/flyer-sage-femme-referente\/","title":{"rendered":"Flyer sage-femme r\u00e9f\u00e9rente"},"content":{"rendered":"<p>A destination des professionnels de sant\u00e9 :<\/p>\n<p>Flyer \u00e0 remettre aux patientes : L\u2019aventure commence. Pensez \u00e0 d\u00e9clarer votre sage-femme r\u00e9f\u00e9rente.<\/p>\n<p>&nbsp;<\/p>\n<p><a href=\"https:\/\/extranet.infocpam.fr\/partenaires\/wp-content\/uploads\/2024\/09\/sfr_fiche-patientes_a5_web_finale.pdf\">Voir le flyer (pdf, 276ko)<\/a><\/p>\n","protected":false},"excerpt":{"rendered":"<p>A destination des professionnels de sant\u00e9 : Flyer \u00e0 remettre aux patientes : L\u2019aventure commence. &hellip; <\/p>\n","protected":false},"featured_media":3006,"template":"","meta":{"om_disable_all_campaigns":false,"_monsterinsights_skip_tracking":false,"_monsterinsights_sitenote_active":false,"_monsterinsights_sitenote_note":"","_monsterinsights_sitenote_category":0},"product_brand":[],"product_cat":[62],"product_tag":[87,43],"class_list":{"0":"post-3005","1":"product","2":"type-product","3":"status-publish","4":"has-post-thumbnail","6":"product_cat-a5","7":"product_tag-maternit","8":"product_tag-professionnels-de-sante","10":"first","11":"onbackorder","12":"shipping-taxable","13":"purchasable","14":"product-type-simple"},"aioseo_notices":[],"jetpack_sharing_enabled":true,"_links":{"self":[{"href":"https:\/\/extranet.infocpam.fr\/partenaires\/wp-json\/wp\/v2\/product\/3005","targetHints":{"allow":["GET"]}}],"collection":[{"href":"https:\/\/extranet.infocpam.fr\/partenaires\/wp-json\/wp\/v2\/product"}],"about":[{"href":"https:\/\/extranet.infocpam.fr\/partenaires\/wp-json\/wp\/v2\/types\/product"}],"wp:featuredmedia":[{"embeddable":true,"href":"https:\/\/extranet.infocpam.fr\/partenaires\/wp-json\/wp\/v2\/media\/3006"}],"wp:attachment":[{"href":"https:\/\/extranet.infocpam.fr\/partenaires\/wp-json\/wp\/v2\/media?parent=3005"}],"wp:term":[{"taxonomy":"product_brand","embeddable":true,"href":"https:\/\/extranet.infocpam.fr\/partenaires\/wp-json\/wp\/v2\/product_brand?post=3005"},{"taxonomy":"product_cat","embeddable":true,"href":"https:\/\/extranet.infocpam.fr\/partenaires\/wp-json\/wp\/v2\/product_cat?post=3005"},{"taxonomy":"product_tag","embeddable":true,"href":"https:\/\/extranet.infocpam.fr\/partenaires\/wp-json\/wp\/v2\/product_tag?post=3005"}],"curies":[{"name":"wp","href":"https:\/\/api.w.org\/{rel}","templated":true}]}}