{"id":3003,"date":"2024-09-23T14:21:40","date_gmt":"2024-09-23T12:21:40","guid":{"rendered":"https:\/\/extranet.infocpam.fr\/partenaires\/?post_type=product&#038;p=3003"},"modified":"2024-09-23T14:21:40","modified_gmt":"2024-09-23T12:21:40","slug":"memo-sage-femme-referente","status":"publish","type":"product","link":"https:\/\/extranet.infocpam.fr\/partenaires\/produit\/memo-sage-femme-referente\/","title":{"rendered":"M\u00e9mo Sage femme r\u00e9f\u00e9rente"},"content":{"rendered":"<p>A destination des professionnels de sant\u00e9 :<\/p>\n<p>M\u00e9mo SAGE-FEMME R\u00c9F\u00c9RENTE : Un accompagnement\u00a0 et un rep\u00e8re pour la patiente tout au long de son parcours maternit\u00e9<\/p>\n<p>&nbsp;<\/p>\n<p><a href=\"https:\/\/extranet.infocpam.fr\/partenaires\/wp-content\/uploads\/2024\/09\/memosfreferente-4pages-a4_07-02-2024-1.pdf\">Voir le m\u00e9mo<\/a> (pdf, 1590 ko)<\/p>\n","protected":false},"excerpt":{"rendered":"<p>A destination des professionnels de sant\u00e9 : M\u00e9mo SAGE-FEMME R\u00c9F\u00c9RENTE : Un accompagnement\u00a0 et un &hellip; <\/p>\n","protected":false},"featured_media":3004,"template":"","meta":{"om_disable_all_campaigns":false,"_monsterinsights_skip_tracking":false,"_monsterinsights_sitenote_active":false,"_monsterinsights_sitenote_note":"","_monsterinsights_sitenote_category":0},"product_brand":[],"product_cat":[84],"product_tag":[43],"class_list":{"0":"post-3003","1":"product","2":"type-product","3":"status-publish","4":"has-post-thumbnail","6":"product_cat-memo","7":"product_tag-professionnels-de-sante","9":"first","10":"onbackorder","11":"shipping-taxable","12":"purchasable","13":"product-type-simple"},"aioseo_notices":[],"jetpack_sharing_enabled":true,"_links":{"self":[{"href":"https:\/\/extranet.infocpam.fr\/partenaires\/wp-json\/wp\/v2\/product\/3003","targetHints":{"allow":["GET"]}}],"collection":[{"href":"https:\/\/extranet.infocpam.fr\/partenaires\/wp-json\/wp\/v2\/product"}],"about":[{"href":"https:\/\/extranet.infocpam.fr\/partenaires\/wp-json\/wp\/v2\/types\/product"}],"wp:featuredmedia":[{"embeddable":true,"href":"https:\/\/extranet.infocpam.fr\/partenaires\/wp-json\/wp\/v2\/media\/3004"}],"wp:attachment":[{"href":"https:\/\/extranet.infocpam.fr\/partenaires\/wp-json\/wp\/v2\/media?parent=3003"}],"wp:term":[{"taxonomy":"product_brand","embeddable":true,"href":"https:\/\/extranet.infocpam.fr\/partenaires\/wp-json\/wp\/v2\/product_brand?post=3003"},{"taxonomy":"product_cat","embeddable":true,"href":"https:\/\/extranet.infocpam.fr\/partenaires\/wp-json\/wp\/v2\/product_cat?post=3003"},{"taxonomy":"product_tag","embeddable":true,"href":"https:\/\/extranet.infocpam.fr\/partenaires\/wp-json\/wp\/v2\/product_tag?post=3003"}],"curies":[{"name":"wp","href":"https:\/\/api.w.org\/{rel}","templated":true}]}}