{"id":2472,"date":"2023-11-08T08:23:10","date_gmt":"2023-11-08T07:23:10","guid":{"rendered":"https:\/\/extranet.infocpam.fr\/partenaires\/?post_type=product&#038;p=2472"},"modified":"2023-11-08T08:26:55","modified_gmt":"2023-11-08T07:26:55","slug":"brochure-carnet-de-surveillance-du-diabete-chez-les-patients-de-de-75-ans-traites-par-insuline","status":"publish","type":"product","link":"https:\/\/extranet.infocpam.fr\/partenaires\/produit\/brochure-carnet-de-surveillance-du-diabete-chez-les-patients-de-de-75-ans-traites-par-insuline\/","title":{"rendered":"Brochure : Carnet de surveillance du diab\u00e8te chez les patients de + de 75 ans trait\u00e9s par insuline"},"content":{"rendered":"<p>Brochure : Carnet de surveillance du diab\u00e8te chez les patients de + de 75 ans trait\u00e9s par insuline<\/p>\n<p>Version : 2023-11<\/p>\n","protected":false},"excerpt":{"rendered":"<p>Brochure : Carnet de surveillance du diab\u00e8te chez les patients de + de 75 ans &hellip; <\/p>\n","protected":false},"featured_media":2473,"template":"","meta":{"om_disable_all_campaigns":false,"_monsterinsights_skip_tracking":false,"_monsterinsights_sitenote_active":false,"_monsterinsights_sitenote_note":"","_monsterinsights_sitenote_category":0},"product_brand":[],"product_cat":[32],"product_tag":[43,50],"class_list":{"0":"post-2472","1":"product","2":"type-product","3":"status-publish","4":"has-post-thumbnail","6":"product_cat-brochures","7":"product_tag-professionnels-de-sante","8":"product_tag-services-cpam","10":"first","11":"instock","12":"shipping-taxable","13":"purchasable","14":"product-type-simple"},"aioseo_notices":[],"jetpack_sharing_enabled":true,"_links":{"self":[{"href":"https:\/\/extranet.infocpam.fr\/partenaires\/wp-json\/wp\/v2\/product\/2472","targetHints":{"allow":["GET"]}}],"collection":[{"href":"https:\/\/extranet.infocpam.fr\/partenaires\/wp-json\/wp\/v2\/product"}],"about":[{"href":"https:\/\/extranet.infocpam.fr\/partenaires\/wp-json\/wp\/v2\/types\/product"}],"wp:featuredmedia":[{"embeddable":true,"href":"https:\/\/extranet.infocpam.fr\/partenaires\/wp-json\/wp\/v2\/media\/2473"}],"wp:attachment":[{"href":"https:\/\/extranet.infocpam.fr\/partenaires\/wp-json\/wp\/v2\/media?parent=2472"}],"wp:term":[{"taxonomy":"product_brand","embeddable":true,"href":"https:\/\/extranet.infocpam.fr\/partenaires\/wp-json\/wp\/v2\/product_brand?post=2472"},{"taxonomy":"product_cat","embeddable":true,"href":"https:\/\/extranet.infocpam.fr\/partenaires\/wp-json\/wp\/v2\/product_cat?post=2472"},{"taxonomy":"product_tag","embeddable":true,"href":"https:\/\/extranet.infocpam.fr\/partenaires\/wp-json\/wp\/v2\/product_tag?post=2472"}],"curies":[{"name":"wp","href":"https:\/\/api.w.org\/{rel}","templated":true}]}}