{"id":208,"date":"2021-04-20T15:04:56","date_gmt":"2021-04-20T13:04:56","guid":{"rendered":"https:\/\/extranet.infocpam.fr\/partenaires\/?post_type=product&#038;p=208"},"modified":"2025-09-23T11:35:37","modified_gmt":"2025-09-23T09:35:37","slug":"flyer-un-examen-gratuit-de-prevention-en-sante-au-ces-de-planoise","status":"publish","type":"product","link":"https:\/\/extranet.infocpam.fr\/partenaires\/produit\/flyer-un-examen-gratuit-de-prevention-en-sante-au-ces-de-planoise\/","title":{"rendered":"Flyer : un examen gratuit de pr\u00e9vention en sant\u00e9 &#8211; Vesoul &#8211; Besan\u00e7on &#8211; Dole"},"content":{"rendered":"<p>Le centre d\u2019examens de sant\u00e9 invite \u00e0 r\u00e9aliser un examen de pr\u00e9vention en sant\u00e9 pris en charge \u00e0 100 % par l\u2019Assurance Maladie.<\/p>\n<p><a href=\"https:\/\/extranet.infocpam.fr\/partenaires\/wp-content\/uploads\/2021\/04\/2022-10-Flyers-CES-examen-prevention-en-sante-Vesoul-Dole-Planoise.pdf\">Visualiser le flyers CES : examen de prevention en sant\u00e9 &#8211; Vesoul &#8211; Dole &#8211; Planoise, (pdf, 463 ko)<\/a><\/p>\n","protected":false},"excerpt":{"rendered":"<p>Modalit\u00e9s pour prendre rendez-vous au centre d&rsquo;examens de sant\u00e9 de Vesoul, Besan\u00e7on ou Dole.<\/p>\n","protected":false},"featured_media":667,"template":"","meta":{"om_disable_all_campaigns":false,"_monsterinsights_skip_tracking":false,"_monsterinsights_sitenote_active":false,"_monsterinsights_sitenote_note":"","_monsterinsights_sitenote_category":0},"product_brand":[],"product_cat":[17],"product_tag":[41],"class_list":{"0":"post-208","1":"product","2":"type-product","3":"status-publish","4":"has-post-thumbnail","6":"product_cat-flyer","7":"product_tag-ces","9":"first","10":"instock","11":"shipping-taxable","12":"purchasable","13":"product-type-simple"},"aioseo_notices":[],"jetpack_sharing_enabled":true,"_links":{"self":[{"href":"https:\/\/extranet.infocpam.fr\/partenaires\/wp-json\/wp\/v2\/product\/208","targetHints":{"allow":["GET"]}}],"collection":[{"href":"https:\/\/extranet.infocpam.fr\/partenaires\/wp-json\/wp\/v2\/product"}],"about":[{"href":"https:\/\/extranet.infocpam.fr\/partenaires\/wp-json\/wp\/v2\/types\/product"}],"wp:featuredmedia":[{"embeddable":true,"href":"https:\/\/extranet.infocpam.fr\/partenaires\/wp-json\/wp\/v2\/media\/667"}],"wp:attachment":[{"href":"https:\/\/extranet.infocpam.fr\/partenaires\/wp-json\/wp\/v2\/media?parent=208"}],"wp:term":[{"taxonomy":"product_brand","embeddable":true,"href":"https:\/\/extranet.infocpam.fr\/partenaires\/wp-json\/wp\/v2\/product_brand?post=208"},{"taxonomy":"product_cat","embeddable":true,"href":"https:\/\/extranet.infocpam.fr\/partenaires\/wp-json\/wp\/v2\/product_cat?post=208"},{"taxonomy":"product_tag","embeddable":true,"href":"https:\/\/extranet.infocpam.fr\/partenaires\/wp-json\/wp\/v2\/product_tag?post=208"}],"curies":[{"name":"wp","href":"https:\/\/api.w.org\/{rel}","templated":true}]}}