{"id":1373,"date":"2022-04-04T16:03:44","date_gmt":"2022-04-04T14:03:44","guid":{"rendered":"https:\/\/extranet.infocpam.fr\/partenaires\/?post_type=product&#038;p=1373"},"modified":"2022-04-08T13:57:51","modified_gmt":"2022-04-08T11:57:51","slug":"la-complementaire-sante-solidaire-cest-quoi","status":"publish","type":"product","link":"https:\/\/extranet.infocpam.fr\/partenaires\/produit\/la-complementaire-sante-solidaire-cest-quoi\/","title":{"rendered":"La Compl\u00e9mentaire sant\u00e9 solidaire, c&rsquo;est quoi ?"},"content":{"rendered":"<p>Le spot vid\u00e9os peuvent \u00eatre t\u00e9l\u00e9charg\u00e9s et diffus\u00e9s sur vos \u00e9crans jusqu&rsquo;en f\u00e9vrier 2024.<\/p>\n<p>Pour les t\u00e9l\u00e9charger, vous devez les ajouter \u00e0 votre panier et commander. Un lien vous sera fourni \u00e0 l&rsquo;issue de la commande.<\/p>\n<p>Retrouvez \u00e9galement ces spots sur la <a href=\"https:\/\/www.youtube.com\/playlist?list=PLOw7W72Ail26xKgbc-a1_e3CYjQD8dz-B\" target=\"_blank\" rel=\"noopener\">cha\u00eene Youtube de l&rsquo;Assurance Maladie<\/a><\/p>\n<p>Version : 2022<\/p>\n","protected":false},"excerpt":{"rendered":"<p>&nbsp;<\/p>\n<p>&nbsp;<\/p>\n","protected":false},"featured_media":1374,"template":"","meta":{"om_disable_all_campaigns":false,"_monsterinsights_skip_tracking":false,"_monsterinsights_sitenote_active":false,"_monsterinsights_sitenote_note":"","_monsterinsights_sitenote_category":0},"product_brand":[],"product_cat":[52],"product_tag":[],"class_list":{"0":"post-1373","1":"product","2":"type-product","3":"status-publish","4":"has-post-thumbnail","6":"product_cat-videos","8":"first","9":"instock","10":"downloadable","11":"virtual","12":"purchasable","13":"product-type-simple"},"aioseo_notices":[],"jetpack_sharing_enabled":true,"_links":{"self":[{"href":"https:\/\/extranet.infocpam.fr\/partenaires\/wp-json\/wp\/v2\/product\/1373","targetHints":{"allow":["GET"]}}],"collection":[{"href":"https:\/\/extranet.infocpam.fr\/partenaires\/wp-json\/wp\/v2\/product"}],"about":[{"href":"https:\/\/extranet.infocpam.fr\/partenaires\/wp-json\/wp\/v2\/types\/product"}],"wp:featuredmedia":[{"embeddable":true,"href":"https:\/\/extranet.infocpam.fr\/partenaires\/wp-json\/wp\/v2\/media\/1374"}],"wp:attachment":[{"href":"https:\/\/extranet.infocpam.fr\/partenaires\/wp-json\/wp\/v2\/media?parent=1373"}],"wp:term":[{"taxonomy":"product_brand","embeddable":true,"href":"https:\/\/extranet.infocpam.fr\/partenaires\/wp-json\/wp\/v2\/product_brand?post=1373"},{"taxonomy":"product_cat","embeddable":true,"href":"https:\/\/extranet.infocpam.fr\/partenaires\/wp-json\/wp\/v2\/product_cat?post=1373"},{"taxonomy":"product_tag","embeddable":true,"href":"https:\/\/extranet.infocpam.fr\/partenaires\/wp-json\/wp\/v2\/product_tag?post=1373"}],"curies":[{"name":"wp","href":"https:\/\/api.w.org\/{rel}","templated":true}]}}