{"id":1209,"date":"2022-03-09T09:19:16","date_gmt":"2022-03-09T08:19:16","guid":{"rendered":"https:\/\/extranet.infocpam.fr\/partenaires\/?post_type=product&#038;p=1209"},"modified":"2022-03-09T10:12:19","modified_gmt":"2022-03-09T09:12:19","slug":"flyer-vous-etes-diabetique-on-vous-aide-a-prendre-soin-de-vous","status":"publish","type":"product","link":"https:\/\/extranet.infocpam.fr\/partenaires\/produit\/flyer-vous-etes-diabetique-on-vous-aide-a-prendre-soin-de-vous\/","title":{"rendered":"Flyer Vous \u00eates diab\u00e9tique, on vous aide \u00e0 prendre soin de vous"},"content":{"rendered":"<p>Flyer pour les patients diab\u00e9tiques (triptyque)<\/p>\n<p>Version : 11-2018<\/p>\n<p><a href=\"https:\/\/extranet.infocpam.fr\/partenaires\/wp-content\/uploads\/2022\/03\/diabete_depliant_promo2018_bd.pdf\">Flyer diab\u00e8te <\/a>(pdf, 151 ko)<\/p>\n","protected":false},"excerpt":{"rendered":"<p>Flyer pour les patients diab\u00e9tiques (triptyque) Version : 11-2018 Flyer diab\u00e8te (pdf, 151 ko)<\/p>\n","protected":false},"featured_media":1214,"template":"","meta":{"om_disable_all_campaigns":false,"_monsterinsights_skip_tracking":false,"_monsterinsights_sitenote_active":false,"_monsterinsights_sitenote_note":"","_monsterinsights_sitenote_category":0},"product_brand":[],"product_cat":[17],"product_tag":[43],"class_list":{"0":"post-1209","1":"product","2":"type-product","3":"status-publish","4":"has-post-thumbnail","6":"product_cat-flyer","7":"product_tag-professionnels-de-sante","9":"first","10":"instock","11":"shipping-taxable","12":"purchasable","13":"product-type-simple"},"aioseo_notices":[],"jetpack_sharing_enabled":true,"_links":{"self":[{"href":"https:\/\/extranet.infocpam.fr\/partenaires\/wp-json\/wp\/v2\/product\/1209","targetHints":{"allow":["GET"]}}],"collection":[{"href":"https:\/\/extranet.infocpam.fr\/partenaires\/wp-json\/wp\/v2\/product"}],"about":[{"href":"https:\/\/extranet.infocpam.fr\/partenaires\/wp-json\/wp\/v2\/types\/product"}],"wp:featuredmedia":[{"embeddable":true,"href":"https:\/\/extranet.infocpam.fr\/partenaires\/wp-json\/wp\/v2\/media\/1214"}],"wp:attachment":[{"href":"https:\/\/extranet.infocpam.fr\/partenaires\/wp-json\/wp\/v2\/media?parent=1209"}],"wp:term":[{"taxonomy":"product_brand","embeddable":true,"href":"https:\/\/extranet.infocpam.fr\/partenaires\/wp-json\/wp\/v2\/product_brand?post=1209"},{"taxonomy":"product_cat","embeddable":true,"href":"https:\/\/extranet.infocpam.fr\/partenaires\/wp-json\/wp\/v2\/product_cat?post=1209"},{"taxonomy":"product_tag","embeddable":true,"href":"https:\/\/extranet.infocpam.fr\/partenaires\/wp-json\/wp\/v2\/product_tag?post=1209"}],"curies":[{"name":"wp","href":"https:\/\/api.w.org\/{rel}","templated":true}]}}