{"id":847,"date":"2021-11-29T13:31:34","date_gmt":"2021-11-29T12:31:34","guid":{"rendered":"https:\/\/extranet.infocpam.fr\/partenaires\/?page_id=847"},"modified":"2021-12-10T15:53:01","modified_gmt":"2021-12-10T14:53:01","slug":"centre-dexamens-de-sante","status":"publish","type":"page","link":"https:\/\/extranet.infocpam.fr\/partenaires\/contacts\/centre-dexamens-de-sante\/","title":{"rendered":"Centre d&rsquo;Examens de Sant\u00e9"},"content":{"rendered":"\n<p>Pour adresser des groupes ou des inscriptions individuelles  au centre d&rsquo;examens de sant\u00e9 de Planoise \u00e0 Besan\u00e7on.<\/p>\n\n\n\n<div class=\"wp-block-contact-form-7-contact-form-selector\">\n<div class=\"wpcf7 no-js\" id=\"wpcf7-f874-o1\" lang=\"fr-FR\" dir=\"ltr\">\n<div class=\"screen-reader-response\"><p role=\"status\" aria-live=\"polite\" aria-atomic=\"true\"><\/p> <ul><\/ul><\/div>\n<form action=\"\/partenaires\/wp-json\/wp\/v2\/pages\/847#wpcf7-f874-o1\" method=\"post\" class=\"wpcf7-form init\" aria-label=\"Formulaire de contact\" enctype=\"multipart\/form-data\" novalidate=\"novalidate\" data-status=\"init\">\n<div style=\"display: none;\">\n<input type=\"hidden\" name=\"_wpcf7\" value=\"874\" \/>\n<input type=\"hidden\" name=\"_wpcf7_version\" value=\"5.8.6\" \/>\n<input type=\"hidden\" name=\"_wpcf7_locale\" value=\"fr_FR\" \/>\n<input type=\"hidden\" name=\"_wpcf7_unit_tag\" value=\"wpcf7-f874-o1\" \/>\n<input type=\"hidden\" name=\"_wpcf7_container_post\" value=\"0\" \/>\n<input type=\"hidden\" name=\"_wpcf7_posted_data_hash\" value=\"\" \/>\n<\/div>\n<label> Votre nom* : \n    <span class=\"wpcf7-form-control-wrap\" data-name=\"your-name\"><input size=\"40\" class=\"wpcf7-form-control wpcf7-text wpcf7-validates-as-required\" id=\"your-name\" aria-required=\"true\" aria-invalid=\"false\" value=\"\" type=\"text\" name=\"your-name\" \/><\/span> <\/label>\n<label> Votre structure* : \n    <span class=\"wpcf7-form-control-wrap\" data-name=\"structure\"><input size=\"40\" class=\"wpcf7-form-control wpcf7-text wpcf7-validates-as-required\" id=\"structure\" aria-required=\"true\" aria-invalid=\"false\" value=\"\" type=\"text\" name=\"structure\" \/><\/span> <\/label>\n<label> Votre e-mail* : \n    <span class=\"wpcf7-form-control-wrap\" data-name=\"your-email\"><input size=\"40\" class=\"wpcf7-form-control wpcf7-email wpcf7-validates-as-required wpcf7-text wpcf7-validates-as-email\" id=\"your-email\" aria-required=\"true\" aria-invalid=\"false\" value=\"\" type=\"email\" name=\"your-email\" \/><\/span> <\/label>\n\n<label> Objet* : \n    <span class=\"wpcf7-form-control-wrap\" data-name=\"your-subject\"><input size=\"40\" class=\"wpcf7-form-control wpcf7-text wpcf7-validates-as-required\" id=\"your-subject\" aria-required=\"true\" aria-invalid=\"false\" value=\"\" type=\"text\" name=\"your-subject\" \/><\/span> <\/label>\n\n<label> Votre message* :\n    <span class=\"wpcf7-form-control-wrap\" data-name=\"your-message\"><textarea cols=\"40\" rows=\"10\" class=\"wpcf7-form-control wpcf7-textarea wpcf7-validates-as-required\" id=\"your-message\" aria-required=\"true\" aria-invalid=\"false\" name=\"your-message\"><\/textarea><\/span> <\/label>\n\n<label> Envoyer un fichier pdf (5mo maxi) : <span class=\"wpcf7-form-control-wrap\" data-name=\"file-179\"><input size=\"40\" class=\"wpcf7-form-control wpcf7-file\" accept=\".pdf\" aria-invalid=\"false\" type=\"file\" name=\"file-179\" \/><\/span> <\/label>\n\n<span class=\"wpcf7-form-control-wrap\" data-name=\"acceptance-136\"><span class=\"wpcf7-form-control wpcf7-acceptance\"><span class=\"wpcf7-list-item\"><label><input type=\"checkbox\" name=\"acceptance-136\" value=\"1\" id=\"acceptance-136\" aria-invalid=\"false\" \/><span class=\"wpcf7-list-item-label\">J'accepte que ces donn\u00e9es soient utilis\u00e9es par la CPAM du Doubs pour la gestion de ce message.<\/span><\/label><\/span><\/span><\/span>\n<input class=\"wpcf7-form-control wpcf7-submit has-spinner\" type=\"submit\" value=\"Envoyer\" \/><p style=\"display: none !important;\" class=\"akismet-fields-container\" data-prefix=\"_wpcf7_ak_\"><label>&#916;<textarea name=\"_wpcf7_ak_hp_textarea\" cols=\"45\" rows=\"8\" maxlength=\"100\"><\/textarea><\/label><input type=\"hidden\" id=\"ak_js_1\" name=\"_wpcf7_ak_js\" value=\"36\"\/><script>document.getElementById( \"ak_js_1\" ).setAttribute( \"value\", ( new Date() ).getTime() );<\/script><\/p><div class=\"wpcf7-response-output\" aria-hidden=\"true\"><\/div>\n<\/form>\n<\/div>\n<\/div>\n\n\n\n<div style=\"height:100px\" aria-hidden=\"true\" class=\"wp-block-spacer\"><\/div>\n\n\n<div data-block-name=\"woocommerce\/product-tag\" data-columns=\"4\" data-content-visibility=\"{&quot;title&quot;:true,&quot;price&quot;:false,&quot;rating&quot;:false,&quot;button&quot;:true}\" data-rows=\"2\" data-tags=\"[41]\" class=\"wc-block-grid wp-block-product-tag wp-block-woocommerce-product-tag wc-block-product-tag has-4-columns has-multiple-rows\"><ul class=\"wc-block-grid__products\"><li class=\"wc-block-grid__product\">\n\t\t\t\t<a href=\"https:\/\/extranet.infocpam.fr\/partenaires\/produit\/mon-bilan-prevention-signaletique-porte\/\" class=\"wc-block-grid__product-link\">\n\t\t\t\t\t\n\t\t\t\t\t<div class=\"wc-block-grid__product-image\"><img loading=\"lazy\" decoding=\"async\" width=\"330\" height=\"799\" src=\"https:\/\/extranet.infocpam.fr\/partenaires\/wp-content\/uploads\/2026\/04\/signaletique-porte.png\" class=\"attachment-woocommerce_thumbnail size-woocommerce_thumbnail\" alt=\"Mon bilan pr\u00e9vention - Signal\u00e9tique porte\" srcset=\"https:\/\/extranet.infocpam.fr\/partenaires\/wp-content\/uploads\/2026\/04\/signaletique-porte.png 330w, https:\/\/extranet.infocpam.fr\/partenaires\/wp-content\/uploads\/2026\/04\/signaletique-porte-124x300.png 124w\" sizes=\"auto, (max-width: 330px) 100vw, 330px\" \/><\/div>\n\t\t\t\t\t<div class=\"wc-block-grid__product-title\">Mon bilan pr\u00e9vention &#8211; Signal\u00e9tique porte<\/div>\n\t\t\t\t<\/a>\n\t\t\t\t\n\t\t\t\t\n\t\t\t\t<div class=\"wp-block-button wc-block-grid__product-add-to-cart\"><a href=\"\/partenaires\/wp-json\/wp\/v2\/pages\/847?add-to-cart=3827\" aria-label=\"Ajouter au panier\u00a0: &ldquo;Mon bilan pr\u00e9vention - Signal\u00e9tique porte&rdquo;\" data-quantity=\"1\" data-product_id=\"3827\" data-product_sku=\"\" data-price=\"0\" rel=\"nofollow\" class=\"wp-block-button__link  add_to_cart_button ajax_add_to_cart\">Ajouter au panier<\/a><\/div>\n\t\t\t<\/li><li class=\"wc-block-grid__product\">\n\t\t\t\t<a href=\"https:\/\/extranet.infocpam.fr\/partenaires\/produit\/affiche-mon-bilan-prevention-70-75-ans\/\" class=\"wc-block-grid__product-link\">\n\t\t\t\t\t\n\t\t\t\t\t<div class=\"wc-block-grid__product-image\"><img loading=\"lazy\" decoding=\"async\" width=\"500\" height=\"714\" src=\"https:\/\/extranet.infocpam.fr\/partenaires\/wp-content\/uploads\/2026\/04\/Affiche-70-75-ans-500x714.png\" class=\"attachment-woocommerce_thumbnail size-woocommerce_thumbnail\" alt=\"Affiche Mon bilan pr\u00e9vention : 70-75 ans\" srcset=\"https:\/\/extranet.infocpam.fr\/partenaires\/wp-content\/uploads\/2026\/04\/Affiche-70-75-ans-500x714.png 500w, https:\/\/extranet.infocpam.fr\/partenaires\/wp-content\/uploads\/2026\/04\/Affiche-70-75-ans-210x300.png 210w, https:\/\/extranet.infocpam.fr\/partenaires\/wp-content\/uploads\/2026\/04\/Affiche-70-75-ans.png 644w\" sizes=\"auto, (max-width: 500px) 100vw, 500px\" \/><\/div>\n\t\t\t\t\t<div class=\"wc-block-grid__product-title\">Affiche Mon bilan pr\u00e9vention : 70-75 ans<\/div>\n\t\t\t\t<\/a>\n\t\t\t\t\n\t\t\t\t\n\t\t\t\t<div class=\"wp-block-button wc-block-grid__product-add-to-cart\"><a href=\"\/partenaires\/wp-json\/wp\/v2\/pages\/847?add-to-cart=3824\" aria-label=\"Ajouter au panier\u00a0: &ldquo;Affiche Mon bilan pr\u00e9vention : 70-75 ans&rdquo;\" data-quantity=\"1\" data-product_id=\"3824\" data-product_sku=\"\" data-price=\"0\" rel=\"nofollow\" class=\"wp-block-button__link  add_to_cart_button ajax_add_to_cart\">Ajouter au panier<\/a><\/div>\n\t\t\t<\/li><li class=\"wc-block-grid__product\">\n\t\t\t\t<a href=\"https:\/\/extranet.infocpam.fr\/partenaires\/produit\/affiche-mon-bilan-prevention-60-65-ans\/\" class=\"wc-block-grid__product-link\">\n\t\t\t\t\t\n\t\t\t\t\t<div class=\"wc-block-grid__product-image\"><img loading=\"lazy\" decoding=\"async\" width=\"449\" height=\"636\" src=\"https:\/\/extranet.infocpam.fr\/partenaires\/wp-content\/uploads\/2026\/04\/Affiche-60-65-ans.png\" class=\"attachment-woocommerce_thumbnail size-woocommerce_thumbnail\" alt=\"Affiche Mon bilan pr\u00e9vention : 60-65 ans\" srcset=\"https:\/\/extranet.infocpam.fr\/partenaires\/wp-content\/uploads\/2026\/04\/Affiche-60-65-ans.png 449w, https:\/\/extranet.infocpam.fr\/partenaires\/wp-content\/uploads\/2026\/04\/Affiche-60-65-ans-212x300.png 212w\" sizes=\"auto, (max-width: 449px) 100vw, 449px\" \/><\/div>\n\t\t\t\t\t<div class=\"wc-block-grid__product-title\">Affiche Mon bilan pr\u00e9vention : 60-65 ans<\/div>\n\t\t\t\t<\/a>\n\t\t\t\t\n\t\t\t\t\n\t\t\t\t<div class=\"wp-block-button wc-block-grid__product-add-to-cart\"><a href=\"\/partenaires\/wp-json\/wp\/v2\/pages\/847?add-to-cart=3820\" aria-label=\"Ajouter au panier\u00a0: &ldquo;Affiche Mon bilan pr\u00e9vention : 60-65 ans&rdquo;\" data-quantity=\"1\" data-product_id=\"3820\" data-product_sku=\"\" data-price=\"0\" rel=\"nofollow\" class=\"wp-block-button__link  add_to_cart_button ajax_add_to_cart\">Ajouter au panier<\/a><\/div>\n\t\t\t<\/li><li class=\"wc-block-grid__product\">\n\t\t\t\t<a href=\"https:\/\/extranet.infocpam.fr\/partenaires\/produit\/affiche-mon-bilan-prevention-45-50-ans\/\" class=\"wc-block-grid__product-link\">\n\t\t\t\t\t\n\t\t\t\t\t<div class=\"wc-block-grid__product-image\"><img loading=\"lazy\" decoding=\"async\" width=\"450\" height=\"633\" src=\"https:\/\/extranet.infocpam.fr\/partenaires\/wp-content\/uploads\/2026\/04\/Affiche-45-50-ans.png\" class=\"attachment-woocommerce_thumbnail size-woocommerce_thumbnail\" alt=\"Affiche Mon bilan pr\u00e9vention : 45-50 ans\" srcset=\"https:\/\/extranet.infocpam.fr\/partenaires\/wp-content\/uploads\/2026\/04\/Affiche-45-50-ans.png 450w, https:\/\/extranet.infocpam.fr\/partenaires\/wp-content\/uploads\/2026\/04\/Affiche-45-50-ans-213x300.png 213w\" sizes=\"auto, (max-width: 450px) 100vw, 450px\" \/><\/div>\n\t\t\t\t\t<div class=\"wc-block-grid__product-title\">Affiche Mon bilan pr\u00e9vention : 45-50 ans<\/div>\n\t\t\t\t<\/a>\n\t\t\t\t\n\t\t\t\t\n\t\t\t\t<div class=\"wp-block-button wc-block-grid__product-add-to-cart\"><a href=\"\/partenaires\/wp-json\/wp\/v2\/pages\/847?add-to-cart=3817\" aria-label=\"Ajouter au panier\u00a0: &ldquo;Affiche Mon bilan pr\u00e9vention : 45-50 ans&rdquo;\" data-quantity=\"1\" data-product_id=\"3817\" data-product_sku=\"\" data-price=\"0\" rel=\"nofollow\" class=\"wp-block-button__link  add_to_cart_button ajax_add_to_cart\">Ajouter au panier<\/a><\/div>\n\t\t\t<\/li><li class=\"wc-block-grid__product\">\n\t\t\t\t<a href=\"https:\/\/extranet.infocpam.fr\/partenaires\/produit\/affiche-mon-bilan-prevention-18-25-ans\/\" class=\"wc-block-grid__product-link\">\n\t\t\t\t\t\n\t\t\t\t\t<div class=\"wc-block-grid__product-image\"><img loading=\"lazy\" decoding=\"async\" width=\"299\" height=\"426\" src=\"https:\/\/extranet.infocpam.fr\/partenaires\/wp-content\/uploads\/2026\/04\/Affiche-generique-18-25-ans.png\" class=\"attachment-woocommerce_thumbnail size-woocommerce_thumbnail\" alt=\"Affiche Mon bilan pr\u00e9vention : 18-25 ans\" srcset=\"https:\/\/extranet.infocpam.fr\/partenaires\/wp-content\/uploads\/2026\/04\/Affiche-generique-18-25-ans.png 299w, https:\/\/extranet.infocpam.fr\/partenaires\/wp-content\/uploads\/2026\/04\/Affiche-generique-18-25-ans-211x300.png 211w\" sizes=\"auto, (max-width: 299px) 100vw, 299px\" \/><\/div>\n\t\t\t\t\t<div class=\"wc-block-grid__product-title\">Affiche Mon bilan pr\u00e9vention : 18-25 ans<\/div>\n\t\t\t\t<\/a>\n\t\t\t\t\n\t\t\t\t\n\t\t\t\t<div class=\"wp-block-button wc-block-grid__product-add-to-cart\"><a href=\"\/partenaires\/wp-json\/wp\/v2\/pages\/847?add-to-cart=3814\" aria-label=\"Ajouter au panier\u00a0: &ldquo;Affiche Mon bilan pr\u00e9vention : 18-25 ans&rdquo;\" data-quantity=\"1\" data-product_id=\"3814\" data-product_sku=\"\" data-price=\"0\" rel=\"nofollow\" class=\"wp-block-button__link  add_to_cart_button ajax_add_to_cart\">Ajouter au panier<\/a><\/div>\n\t\t\t<\/li><li class=\"wc-block-grid__product\">\n\t\t\t\t<a href=\"https:\/\/extranet.infocpam.fr\/partenaires\/produit\/affiche-mon-bilan-prevention-generique\/\" class=\"wc-block-grid__product-link\">\n\t\t\t\t\t\n\t\t\t\t\t<div class=\"wc-block-grid__product-image\"><img loading=\"lazy\" decoding=\"async\" width=\"450\" height=\"639\" src=\"https:\/\/extranet.infocpam.fr\/partenaires\/wp-content\/uploads\/2026\/04\/Affiche-generique.png\" class=\"attachment-woocommerce_thumbnail size-woocommerce_thumbnail\" alt=\"Affiche Mon bilan pr\u00e9vention  - G\u00e9n\u00e9rique\" srcset=\"https:\/\/extranet.infocpam.fr\/partenaires\/wp-content\/uploads\/2026\/04\/Affiche-generique.png 450w, https:\/\/extranet.infocpam.fr\/partenaires\/wp-content\/uploads\/2026\/04\/Affiche-generique-211x300.png 211w\" sizes=\"auto, (max-width: 450px) 100vw, 450px\" \/><\/div>\n\t\t\t\t\t<div class=\"wc-block-grid__product-title\">Affiche Mon bilan pr\u00e9vention  &#8211; G\u00e9n\u00e9rique<\/div>\n\t\t\t\t<\/a>\n\t\t\t\t\n\t\t\t\t\n\t\t\t\t<div class=\"wp-block-button wc-block-grid__product-add-to-cart\"><a href=\"\/partenaires\/wp-json\/wp\/v2\/pages\/847?add-to-cart=3811\" aria-label=\"Ajouter au panier\u00a0: &ldquo;Affiche Mon bilan pr\u00e9vention  - G\u00e9n\u00e9rique&rdquo;\" data-quantity=\"1\" data-product_id=\"3811\" data-product_sku=\"\" data-price=\"0\" rel=\"nofollow\" class=\"wp-block-button__link  add_to_cart_button ajax_add_to_cart\">Ajouter au panier<\/a><\/div>\n\t\t\t<\/li><li class=\"wc-block-grid__product\">\n\t\t\t\t<a href=\"https:\/\/extranet.infocpam.fr\/partenaires\/produit\/flyer-mon-bilan-prevention-ps\/\" class=\"wc-block-grid__product-link\">\n\t\t\t\t\t\n\t\t\t\t\t<div class=\"wc-block-grid__product-image\"><img loading=\"lazy\" decoding=\"async\" width=\"420\" height=\"600\" src=\"https:\/\/extranet.infocpam.fr\/partenaires\/wp-content\/uploads\/2026\/04\/flyer-PS.png\" class=\"attachment-woocommerce_thumbnail size-woocommerce_thumbnail\" alt=\"Flyer : Mon bilan pr\u00e9vention PS\" srcset=\"https:\/\/extranet.infocpam.fr\/partenaires\/wp-content\/uploads\/2026\/04\/flyer-PS.png 420w, https:\/\/extranet.infocpam.fr\/partenaires\/wp-content\/uploads\/2026\/04\/flyer-PS-210x300.png 210w\" sizes=\"auto, (max-width: 420px) 100vw, 420px\" \/><\/div>\n\t\t\t\t\t<div class=\"wc-block-grid__product-title\">Flyer : Mon bilan pr\u00e9vention PS<\/div>\n\t\t\t\t<\/a>\n\t\t\t\t\n\t\t\t\t\n\t\t\t\t<div class=\"wp-block-button wc-block-grid__product-add-to-cart\"><a href=\"\/partenaires\/wp-json\/wp\/v2\/pages\/847?add-to-cart=3808\" aria-label=\"Ajouter au panier\u00a0: &ldquo;Flyer : Mon bilan pr\u00e9vention PS&rdquo;\" data-quantity=\"1\" data-product_id=\"3808\" data-product_sku=\"\" data-price=\"0\" rel=\"nofollow\" class=\"wp-block-button__link  add_to_cart_button ajax_add_to_cart\">Ajouter au panier<\/a><\/div>\n\t\t\t<\/li><li class=\"wc-block-grid__product\">\n\t\t\t\t<a href=\"https:\/\/extranet.infocpam.fr\/partenaires\/produit\/flyer-mon-bilan-prevention-gp\/\" class=\"wc-block-grid__product-link\">\n\t\t\t\t\t\n\t\t\t\t\t<div class=\"wc-block-grid__product-image\"><img loading=\"lazy\" decoding=\"async\" width=\"317\" height=\"452\" src=\"https:\/\/extranet.infocpam.fr\/partenaires\/wp-content\/uploads\/2026\/04\/flyer-GP.png\" class=\"attachment-woocommerce_thumbnail size-woocommerce_thumbnail\" alt=\"Flyer : Mon bilan pr\u00e9vention GP\" srcset=\"https:\/\/extranet.infocpam.fr\/partenaires\/wp-content\/uploads\/2026\/04\/flyer-GP.png 317w, https:\/\/extranet.infocpam.fr\/partenaires\/wp-content\/uploads\/2026\/04\/flyer-GP-210x300.png 210w\" sizes=\"auto, (max-width: 317px) 100vw, 317px\" \/><\/div>\n\t\t\t\t\t<div class=\"wc-block-grid__product-title\">Flyer : Mon bilan pr\u00e9vention GP<\/div>\n\t\t\t\t<\/a>\n\t\t\t\t\n\t\t\t\t\n\t\t\t\t<div class=\"wp-block-button wc-block-grid__product-add-to-cart\"><a href=\"\/partenaires\/wp-json\/wp\/v2\/pages\/847?add-to-cart=3805\" aria-label=\"Ajouter au panier\u00a0: &ldquo;Flyer : Mon bilan pr\u00e9vention GP&rdquo;\" data-quantity=\"1\" data-product_id=\"3805\" data-product_sku=\"\" data-price=\"0\" rel=\"nofollow\" class=\"wp-block-button__link  add_to_cart_button ajax_add_to_cart\">Ajouter au panier<\/a><\/div>\n\t\t\t<\/li><\/ul><\/div>","protected":false},"excerpt":{"rendered":"<p>Pour adresser des groupes ou des inscriptions individuelles au centre d&rsquo;examens de sant\u00e9 de Planoise &hellip; <\/p>\n","protected":false},"author":1,"featured_media":0,"parent":796,"menu_order":2,"comment_status":"closed","ping_status":"closed","template":"","meta":{"om_disable_all_campaigns":false,"_monsterinsights_skip_tracking":false,"_monsterinsights_sitenote_active":false,"_monsterinsights_sitenote_note":"","_monsterinsights_sitenote_category":0,"footnotes":""},"class_list":["post-847","page","type-page","status-publish","hentry"],"aioseo_notices":[],"jetpack_sharing_enabled":true,"_links":{"self":[{"href":"https:\/\/extranet.infocpam.fr\/partenaires\/wp-json\/wp\/v2\/pages\/847","targetHints":{"allow":["GET"]}}],"collection":[{"href":"https:\/\/extranet.infocpam.fr\/partenaires\/wp-json\/wp\/v2\/pages"}],"about":[{"href":"https:\/\/extranet.infocpam.fr\/partenaires\/wp-json\/wp\/v2\/types\/page"}],"author":[{"embeddable":true,"href":"https:\/\/extranet.infocpam.fr\/partenaires\/wp-json\/wp\/v2\/users\/1"}],"replies":[{"embeddable":true,"href":"https:\/\/extranet.infocpam.fr\/partenaires\/wp-json\/wp\/v2\/comments?post=847"}],"version-history":[{"count":3,"href":"https:\/\/extranet.infocpam.fr\/partenaires\/wp-json\/wp\/v2\/pages\/847\/revisions"}],"predecessor-version":[{"id":876,"href":"https:\/\/extranet.infocpam.fr\/partenaires\/wp-json\/wp\/v2\/pages\/847\/revisions\/876"}],"up":[{"embeddable":true,"href":"https:\/\/extranet.infocpam.fr\/partenaires\/wp-json\/wp\/v2\/pages\/796"}],"wp:attachment":[{"href":"https:\/\/extranet.infocpam.fr\/partenaires\/wp-json\/wp\/v2\/media?parent=847"}],"curies":[{"name":"wp","href":"https:\/\/api.w.org\/{rel}","templated":true}]}}