{"id":536,"date":"2021-06-14T12:18:31","date_gmt":"2021-06-14T10:18:31","guid":{"rendered":"https:\/\/extranet.infocpam.fr\/partenaires\/?page_id=536"},"modified":"2023-01-27T08:58:01","modified_gmt":"2023-01-27T07:58:01","slug":"acces-aux-droits-et-aux-soins","status":"publish","type":"page","link":"https:\/\/extranet.infocpam.fr\/partenaires\/acces-aux-droits-et-aux-soins\/","title":{"rendered":"Acc\u00e8s aux droits et aux soins"},"content":{"rendered":"\n<h3 class=\"wp-block-heading\"><strong>Comment signaler un assur\u00e9 en situation de renoncement ?<\/strong><\/h3>\n\n\n\n<div class=\"wp-block-buttons is-layout-flex wp-block-buttons-is-layout-flex\">\n<div class=\"wp-block-button\"><a class=\"wp-block-button__link has-vivid-purple-background-color has-background wp-element-button\" href=\"https:\/\/www.infocpam.fr\/limesurvey2\/index.php\/796673?newtest=Y&amp;lang=fr\" target=\"_blank\" rel=\"noreferrer noopener\">Formulaire en ligne<\/a><\/div>\n\n\n\n<div class=\"wp-block-button\"><a class=\"wp-block-button__link has-background wp-element-button\" href=\"https:\/\/extranet.infocpam.fr\/partenaires\/wp-content\/uploads\/2023\/01\/2022383_FORM_DETECTION_MISSION_ACC_PARTENAIRES_2023.pdf\" style=\"background-color:#4923a1\" target=\"_blank\" rel=\"noreferrer noopener\">Formulaire pdf \u00e0 imprimer (146ko)<\/a><\/div>\n<\/div>\n\n\n\n<p><\/p>\n\n\n\n<div class=\"wp-block-media-text alignwide has-media-on-the-right is-stacked-on-mobile\" style=\"grid-template-columns:auto 33%\"><div class=\"wp-block-media-text__content\">\n<p class=\"has-medium-font-size\">Au quotidien, vous \u00eates confront\u00e9 \u00e0 des personnes en situation de renoncement aux soins. Vous pouvez d\u00e9sormais les orienter vers la mission accompagnement en sant\u00e9 propos\u00e9 par l\u2019Assurance Maladie. La CPAM du Doubs a engag\u00e9 une d\u00e9marche proactive afin de rep\u00e9rer le plus t\u00f4t possible les situations de renoncement aux soins et d\u2019y rem\u00e9dier en trouvant des solutions adapt\u00e9es \u00e0 chaque assur\u00e9.<\/p>\n<\/div><figure class=\"wp-block-media-text__media\"><img loading=\"lazy\" decoding=\"async\" width=\"579\" height=\"825\" src=\"https:\/\/extranet.infocpam.fr\/partenaires\/wp-content\/uploads\/2021\/03\/visuel-brochure.png\" alt=\"\" class=\"wp-image-156 size-full\" srcset=\"https:\/\/extranet.infocpam.fr\/partenaires\/wp-content\/uploads\/2021\/03\/visuel-brochure.png 579w, https:\/\/extranet.infocpam.fr\/partenaires\/wp-content\/uploads\/2021\/03\/visuel-brochure-500x712.png 500w, https:\/\/extranet.infocpam.fr\/partenaires\/wp-content\/uploads\/2021\/03\/visuel-brochure-211x300.png 211w\" sizes=\"auto, (max-width: 579px) 100vw, 579px\" \/><\/figure><\/div>\n\n\n\n<blockquote class=\"wp-block-quote is-layout-flow wp-block-quote-is-layout-flow\">\n<p><strong>Le saviez-vous ? <\/strong>Aujourd\u2019hui, 1\/4 des assur\u00e9s rencontr\u00e9s d\u00e9clarent avoir renonc\u00e9 \u00e0 des soins au cours des 12 derniers mois \u00e0 cause d\u2019une couverture maladie insuffisante, pour des raisons financi\u00e8res ou par m\u00e9connaissance du syst\u00e8me de soins.<br>Quels accompagnement pour l&rsquo;assur\u00e9 ?<\/p>\n<\/blockquote>\n\n\n\n<p>Tous les assur\u00e9s du r\u00e9gime g\u00e9n\u00e9ral en situation de renoncement aux soins peuvent b\u00e9n\u00e9ficier d\u2019un accompagnement \u00ab sur-mesure \u00bb. Cet accompagnement s\u2019effectue par contacts t\u00e9l\u00e9phoniques, e-mails, ou lors de rendez-vous selon les besoins de la personne. <br>Le suivi est personnalis\u00e9 jusqu\u2019\u00e0 la r\u00e9alisation effective des soins en terme d\u2019acc\u00e8s aux droits (bilan exhaustif de la situation de l\u2019assur\u00e9) et d\u2019acc\u00e8s aux soins (orientation vers des professionnels de sant\u00e9 adapt\u00e9s, travail en lien avec les partenaires, accompagnement financier si n\u00e9cessaire\u2026). <br>Vous \u00eates inform\u00e9 \u00e0 chaque \u00e9tape de l\u2019accompagnement.<\/p>\n\n\n\n<p>Commandez les <a rel=\"noreferrer noopener\" href=\"https:\/\/extranet.infocpam.fr\/partenaires\/etiquette-produit\/acces-aux-soins\/\" target=\"_blank\">supports sur la mission accompagnement en sant\u00e9<\/a> (affiches, cartes, flyers)<\/p>\n\n\n\n<hr class=\"wp-block-separator has-css-opacity\"\/>\n\n\n\n<p><strong>Contacts pour les PARTENAIRES <\/strong>:<\/p>\n\n\n\n<div class=\"wp-block-contact-form-7-contact-form-selector\">\n<div class=\"wpcf7 no-js\" id=\"wpcf7-f855-o1\" lang=\"fr-FR\" dir=\"ltr\">\n<div class=\"screen-reader-response\"><p role=\"status\" aria-live=\"polite\" aria-atomic=\"true\"><\/p> <ul><\/ul><\/div>\n<form action=\"\/partenaires\/wp-json\/wp\/v2\/pages\/536#wpcf7-f855-o1\" method=\"post\" class=\"wpcf7-form init\" aria-label=\"Formulaire de contact\" enctype=\"multipart\/form-data\" novalidate=\"novalidate\" data-status=\"init\">\n<div style=\"display: none;\">\n<input type=\"hidden\" name=\"_wpcf7\" value=\"855\" \/>\n<input type=\"hidden\" name=\"_wpcf7_version\" value=\"5.8.6\" \/>\n<input type=\"hidden\" name=\"_wpcf7_locale\" value=\"fr_FR\" \/>\n<input type=\"hidden\" name=\"_wpcf7_unit_tag\" value=\"wpcf7-f855-o1\" \/>\n<input type=\"hidden\" name=\"_wpcf7_container_post\" value=\"0\" \/>\n<input type=\"hidden\" name=\"_wpcf7_posted_data_hash\" value=\"\" \/>\n<\/div>\n<label> Votre nom* : \n    <span class=\"wpcf7-form-control-wrap\" data-name=\"your-name\"><input size=\"40\" class=\"wpcf7-form-control wpcf7-text wpcf7-validates-as-required\" id=\"your-name\" aria-required=\"true\" aria-invalid=\"false\" value=\"\" type=\"text\" name=\"your-name\" \/><\/span> <\/label>\n<label> Votre structure* : \n    <span class=\"wpcf7-form-control-wrap\" data-name=\"structure\"><input size=\"40\" class=\"wpcf7-form-control wpcf7-text wpcf7-validates-as-required\" id=\"structure\" aria-required=\"true\" aria-invalid=\"false\" value=\"\" type=\"text\" name=\"structure\" \/><\/span> <\/label>\n<label> Votre e-mail* : \n    <span class=\"wpcf7-form-control-wrap\" data-name=\"your-email\"><input size=\"40\" class=\"wpcf7-form-control wpcf7-email wpcf7-validates-as-required wpcf7-text wpcf7-validates-as-email\" id=\"your-email\" aria-required=\"true\" aria-invalid=\"false\" value=\"\" type=\"email\" name=\"your-email\" \/><\/span> <\/label>\n\n<label> Objet* : \n    <span class=\"wpcf7-form-control-wrap\" data-name=\"your-subject\"><input size=\"40\" class=\"wpcf7-form-control wpcf7-text wpcf7-validates-as-required\" id=\"your-subject\" aria-required=\"true\" aria-invalid=\"false\" value=\"\" type=\"text\" name=\"your-subject\" \/><\/span> <\/label>\n\n<label> Votre message* :\n    <span class=\"wpcf7-form-control-wrap\" data-name=\"your-message\"><textarea cols=\"40\" rows=\"10\" class=\"wpcf7-form-control wpcf7-textarea wpcf7-validates-as-required\" id=\"your-message\" aria-required=\"true\" aria-invalid=\"false\" name=\"your-message\"><\/textarea><\/span> <\/label>\n\n<label> Envoyer un fichier pdf (5mo maxi) : <span class=\"wpcf7-form-control-wrap\" data-name=\"file-179\"><input size=\"40\" class=\"wpcf7-form-control wpcf7-file\" accept=\".pdf\" aria-invalid=\"false\" type=\"file\" name=\"file-179\" \/><\/span> <\/label>\n\n<span class=\"wpcf7-form-control-wrap\" data-name=\"acceptance-136\"><span class=\"wpcf7-form-control wpcf7-acceptance\"><span class=\"wpcf7-list-item\"><label><input type=\"checkbox\" name=\"acceptance-136\" value=\"1\" id=\"acceptance-136\" aria-invalid=\"false\" \/><span class=\"wpcf7-list-item-label\">J'accepte que ces donn\u00e9es soient utilis\u00e9es par la CPAM du Doubs pour la gestion de ce message.<\/span><\/label><\/span><\/span><\/span>\n<input class=\"wpcf7-form-control wpcf7-submit has-spinner\" type=\"submit\" value=\"Envoyer\" \/><p style=\"display: none !important;\" class=\"akismet-fields-container\" data-prefix=\"_wpcf7_ak_\"><label>&#916;<textarea name=\"_wpcf7_ak_hp_textarea\" cols=\"45\" rows=\"8\" maxlength=\"100\"><\/textarea><\/label><input type=\"hidden\" id=\"ak_js_1\" name=\"_wpcf7_ak_js\" value=\"128\"\/><script>document.getElementById( \"ak_js_1\" ).setAttribute( \"value\", ( new Date() ).getTime() );<\/script><\/p><div class=\"wpcf7-response-output\" aria-hidden=\"true\"><\/div>\n<\/form>\n<\/div>\n<\/div>\n\n\n\n<p><\/p>\n","protected":false},"excerpt":{"rendered":"<p>Comment signaler un assur\u00e9 en situation de renoncement ? Au quotidien, vous \u00eates confront\u00e9 \u00e0 &hellip; <\/p>\n","protected":false},"author":1,"featured_media":0,"parent":0,"menu_order":0,"comment_status":"closed","ping_status":"closed","template":"","meta":{"om_disable_all_campaigns":false,"_monsterinsights_skip_tracking":false,"_monsterinsights_sitenote_active":false,"_monsterinsights_sitenote_note":"","_monsterinsights_sitenote_category":0,"footnotes":""},"class_list":["post-536","page","type-page","status-publish","hentry"],"aioseo_notices":[],"jetpack_sharing_enabled":true,"_links":{"self":[{"href":"https:\/\/extranet.infocpam.fr\/partenaires\/wp-json\/wp\/v2\/pages\/536","targetHints":{"allow":["GET"]}}],"collection":[{"href":"https:\/\/extranet.infocpam.fr\/partenaires\/wp-json\/wp\/v2\/pages"}],"about":[{"href":"https:\/\/extranet.infocpam.fr\/partenaires\/wp-json\/wp\/v2\/types\/page"}],"author":[{"embeddable":true,"href":"https:\/\/extranet.infocpam.fr\/partenaires\/wp-json\/wp\/v2\/users\/1"}],"replies":[{"embeddable":true,"href":"https:\/\/extranet.infocpam.fr\/partenaires\/wp-json\/wp\/v2\/comments?post=536"}],"version-history":[{"count":5,"href":"https:\/\/extranet.infocpam.fr\/partenaires\/wp-json\/wp\/v2\/pages\/536\/revisions"}],"predecessor-version":[{"id":1896,"href":"https:\/\/extranet.infocpam.fr\/partenaires\/wp-json\/wp\/v2\/pages\/536\/revisions\/1896"}],"wp:attachment":[{"href":"https:\/\/extranet.infocpam.fr\/partenaires\/wp-json\/wp\/v2\/media?parent=536"}],"curies":[{"name":"wp","href":"https:\/\/api.w.org\/{rel}","templated":true}]}}