{"id":2091,"date":"2023-05-04T14:27:38","date_gmt":"2023-05-04T12:27:38","guid":{"rendered":"https:\/\/extranet.infocpam.fr\/partenaires\/?page_id=2091"},"modified":"2023-10-12T09:29:27","modified_gmt":"2023-10-12T07:29:27","slug":"projets-prevention-2023","status":"publish","type":"page","link":"https:\/\/extranet.infocpam.fr\/partenaires\/projets-prevention-2023\/","title":{"rendered":"Projets pr\u00e9vention 2023"},"content":{"rendered":"\n<h2 class=\"wp-block-heading\">Comment faire financer vos projets de pr\u00e9vention par l&rsquo;Assurance Maladie en 2023 ?<\/h2>\n\n\n\n<div class=\"wp-block-columns is-layout-flex wp-container-core-columns-is-layout-9d6595d7 wp-block-columns-is-layout-flex\">\n<div class=\"wp-block-column is-layout-flow wp-block-column-is-layout-flow\">\n<figure class=\"wp-block-image size-full\"><img loading=\"lazy\" decoding=\"async\" width=\"585\" height=\"205\" src=\"https:\/\/extranet.infocpam.fr\/partenaires\/wp-content\/uploads\/2023\/05\/pied-de-mail-appels-projets-prevention-2023.jpg\" alt=\"\" class=\"wp-image-2089\" srcset=\"https:\/\/extranet.infocpam.fr\/partenaires\/wp-content\/uploads\/2023\/05\/pied-de-mail-appels-projets-prevention-2023.jpg 585w, https:\/\/extranet.infocpam.fr\/partenaires\/wp-content\/uploads\/2023\/05\/pied-de-mail-appels-projets-prevention-2023-300x105.jpg 300w, https:\/\/extranet.infocpam.fr\/partenaires\/wp-content\/uploads\/2023\/05\/pied-de-mail-appels-projets-prevention-2023-500x175.jpg 500w\" sizes=\"auto, (max-width: 585px) 100vw, 585px\" \/><\/figure>\n<\/div>\n\n\n\n<div class=\"wp-block-column is-layout-flow wp-block-column-is-layout-flow\">\n<p>L\u2019Assurance Maladie finance des projets de pr\u00e9vention port\u00e9s par des structures locales sur tout le territoire. Ces projets sont transmis \u00e0 la commission nationale par l\u2019interm\u00e9diaire des CPAM, <strong>en vue d\u2019un d\u00e9marrage des actions en 2023 et pouvant se maintenir jusqu\u2019en 2024<\/strong>.<\/p>\n<\/div>\n<\/div>\n\n\n\n<div class=\"wp-block-columns is-layout-flex wp-container-core-columns-is-layout-9d6595d7 wp-block-columns-is-layout-flex\">\n<div class=\"wp-block-column is-layout-flow wp-block-column-is-layout-flow\">\n<p class=\"has-medium-font-size\">La sant\u00e9 sexuelle<\/p>\n\n\n\n<div class=\"wp-block-buttons is-layout-flex wp-block-buttons-is-layout-flex\">\n<div class=\"wp-block-button\"><a class=\"wp-block-button__link has-vivid-cyan-blue-background-color has-background wp-element-button\" href=\"https:\/\/extranet.infocpam.fr\/partenaires\/wp-content\/uploads\/2023\/05\/LR-TMP-Annexe-25-Cahier-des-charges-2023-Sante-sexuelle-contraception-et-prevention-des-IST-et-du-VIH.pdf\" target=\"_blank\" rel=\"noreferrer noopener\">T\u00e9l\u00e9chargez le cahier des charges (pdf, 349 ko)<\/a><\/div>\n<\/div>\n<\/div>\n\n\n\n<div class=\"wp-block-column is-layout-flow wp-block-column-is-layout-flow\">\n<p class=\"has-medium-font-size\">Le moi(s) sans tabac<\/p>\n\n\n\n<div class=\"wp-block-buttons is-layout-flex wp-block-buttons-is-layout-flex\">\n<div class=\"wp-block-button\"><a class=\"wp-block-button__link has-black-color has-luminous-vivid-amber-background-color has-text-color has-background wp-element-button\" href=\"https:\/\/extranet.infocpam.fr\/partenaires\/wp-content\/uploads\/2023\/05\/LR-TMP-Annexe-22-Cahier-des-charges-2023-Mois-sans-Tabac.pdf\" target=\"_blank\" rel=\"noreferrer noopener\">T\u00e9l\u00e9chargez le cahier des charges (pdf, 361 ko)<\/a><\/div>\n<\/div>\n<\/div>\n<\/div>\n\n\n\n<div class=\"wp-block-columns is-layout-flex wp-container-core-columns-is-layout-9d6595d7 wp-block-columns-is-layout-flex\">\n<div class=\"wp-block-column is-layout-flow wp-block-column-is-layout-flow\">\n<p class=\"has-medium-font-size\">Le d\u00e9pistage des cancers<\/p>\n\n\n\n<div class=\"wp-block-buttons is-layout-flex wp-block-buttons-is-layout-flex\">\n<div class=\"wp-block-button has-custom-width wp-block-button__width-100\"><a class=\"wp-block-button__link has-black-color has-vivid-green-cyan-background-color has-text-color has-background has-text-align-left wp-element-button\" href=\"https:\/\/extranet.infocpam.fr\/partenaires\/wp-content\/uploads\/2023\/05\/LR-TMP-Annexe-24-Cahier-des-charges-2023-Depistages-des-cancers.pdf\" target=\"_blank\" rel=\"noreferrer noopener\">T\u00e9l\u00e9chargez le cahier des charges (pdf, 348 ko)<\/a><\/div>\n<\/div>\n\n\n\n<div class=\"wp-block-buttons is-layout-flex wp-block-buttons-is-layout-flex\"><\/div>\n<\/div>\n\n\n\n<div class=\"wp-block-column is-layout-flow wp-block-column-is-layout-flow\">\n<p class=\"has-medium-font-size\">La vaccination contre la grippe et le Covid-19<\/p>\n\n\n\n<div class=\"wp-block-buttons is-layout-flex wp-block-buttons-is-layout-flex\">\n<div class=\"wp-block-button has-custom-font-size has-medium-font-size\"><a class=\"wp-block-button__link has-vivid-red-background-color has-background wp-element-button\" href=\"https:\/\/extranet.infocpam.fr\/partenaires\/wp-content\/uploads\/2023\/05\/LR-TMP-Annexe-23-Cahier-des-charges-2023-Vaccination-contre-la-grippe-et-et-covid-19.pdf\" style=\"border-radius:100px\" target=\"_blank\" rel=\"noreferrer noopener\">T\u00e9l\u00e9chargez le cahier des charges (pdf, 348 ko)<\/a><\/div>\n<\/div>\n<\/div>\n<\/div>\n\n\n\n<div class=\"wp-block-columns is-layout-flex wp-container-core-columns-is-layout-9d6595d7 wp-block-columns-is-layout-flex\">\n<div class=\"wp-block-column is-layout-flow wp-block-column-is-layout-flow\" style=\"flex-basis:50%\">\n<p class=\"has-medium-font-size\">L&rsquo;examen bucco-dentaire M&rsquo;T dents <\/p>\n\n\n\n<div class=\"wp-block-buttons is-layout-flex wp-block-buttons-is-layout-flex\">\n<div class=\"wp-block-button has-custom-width wp-block-button__width-75\"><a class=\"wp-block-button__link has-background wp-element-button\" href=\"https:\/\/extranet.infocpam.fr\/partenaires\/wp-content\/uploads\/2023\/05\/LR-TMP-ANNEXE-27-Fiche-projet-2023-Mobilisation-des-jeunes-pour-les-jeunes-ANNEXES-.docx\" style=\"background-color:#006ab4\" target=\"_blank\" rel=\"noreferrer noopener\">T\u00e9l\u00e9chargez la demande de subvention (xls, 247 ko)<\/a><\/div>\n<\/div>\n<\/div>\n\n\n\n<div class=\"wp-block-column is-layout-flow wp-block-column-is-layout-flow\" style=\"flex-basis:50%\">\n<p class=\"has-medium-font-size\">Mobilisation des jeunes pour les jeunes<\/p>\n\n\n\n<div class=\"wp-block-buttons is-layout-flex wp-block-buttons-is-layout-flex\">\n<div class=\"wp-block-button\"><a class=\"wp-block-button__link has-background wp-element-button\" style=\"background-color:#b9368f\">T\u00e9l\u00e9chargez le cahier des charges (pdf, 208 ko)<\/a><\/div>\n<\/div>\n<\/div>\n<\/div>\n\n\n\n<p><\/p>\n\n\n\n<h2 class=\"wp-block-heading\">D\u00e9p\u00f4t des candidatures<\/h2>\n\n\n\n<p>Pour plus d&rsquo;infos, \u00e9crivez \u00e0 <\/p>\n\n\n\n<p><a data-type=\"mailto\" data-id=\"mailto:prevention.cpam-doubs@assurance-maladie.fr\" href=\"mailto:prevention.cpam-doubs@assurance-maladie.fr\">prevention.cpam-doubs@assurance-maladie.fr<\/a> <\/p>\n\n\n\n<p><\/p>\n","protected":false},"excerpt":{"rendered":"<p>Comment faire financer vos projets de pr\u00e9vention par l&rsquo;Assurance Maladie en 2023 ? L\u2019Assurance Maladie &hellip; <\/p>\n","protected":false},"author":1,"featured_media":0,"parent":0,"menu_order":0,"comment_status":"closed","ping_status":"closed","template":"","meta":{"om_disable_all_campaigns":false,"_monsterinsights_skip_tracking":false,"_monsterinsights_sitenote_active":false,"_monsterinsights_sitenote_note":"","_monsterinsights_sitenote_category":0,"footnotes":""},"class_list":["post-2091","page","type-page","status-publish","hentry"],"aioseo_notices":[],"jetpack_sharing_enabled":true,"_links":{"self":[{"href":"https:\/\/extranet.infocpam.fr\/partenaires\/wp-json\/wp\/v2\/pages\/2091","targetHints":{"allow":["GET"]}}],"collection":[{"href":"https:\/\/extranet.infocpam.fr\/partenaires\/wp-json\/wp\/v2\/pages"}],"about":[{"href":"https:\/\/extranet.infocpam.fr\/partenaires\/wp-json\/wp\/v2\/types\/page"}],"author":[{"embeddable":true,"href":"https:\/\/extranet.infocpam.fr\/partenaires\/wp-json\/wp\/v2\/users\/1"}],"replies":[{"embeddable":true,"href":"https:\/\/extranet.infocpam.fr\/partenaires\/wp-json\/wp\/v2\/comments?post=2091"}],"version-history":[{"count":17,"href":"https:\/\/extranet.infocpam.fr\/partenaires\/wp-json\/wp\/v2\/pages\/2091\/revisions"}],"predecessor-version":[{"id":2423,"href":"https:\/\/extranet.infocpam.fr\/partenaires\/wp-json\/wp\/v2\/pages\/2091\/revisions\/2423"}],"wp:attachment":[{"href":"https:\/\/extranet.infocpam.fr\/partenaires\/wp-json\/wp\/v2\/media?parent=2091"}],"curies":[{"name":"wp","href":"https:\/\/api.w.org\/{rel}","templated":true}]}}